{"id":137,"date":"2018-10-02T13:38:17","date_gmt":"2018-10-02T13:38:17","guid":{"rendered":"http:\/\/www.dempucon.cl\/?page_id=137"},"modified":"2018-10-02T20:43:30","modified_gmt":"2018-10-02T20:43:30","slug":"historia-dem","status":"publish","type":"page","link":"http:\/\/www.dempucon.cl\/?page_id=137","title":{"rendered":"Historia DEM"},"content":{"rendered":"<p><strong>Historia de la Comuna.<\/strong><\/p>\n<p><strong>Puc\u00f3n<\/strong>\u2026en mapudungun: Entrada a la C<img loading=\"lazy\" class=\"size-full wp-image-136 alignright\" src=\"http:\/\/www.dempucon.cl\/wp-content\/uploads\/2018\/10\/historiadem.png\" alt=\"\" width=\"277\" height=\"182\" \/>ordillera\u2026<\/p>\n<p>La ciudad de\u00a0<strong>Puc\u00f3n<\/strong>\u00a0est\u00e1 situada a los pies del volc\u00e1n Villarrica, en la pre-cordillera andina, y es uno de los principales destinos tur\u00edsticos de la regi\u00f3n de la Araucan\u00eda. El lago Villarrica, sobre cuya orilla sur se \u201crecuesta\u201d la ciudad, es uno de los primeros eslabones de la extensa cadena de espejos de agua que se extienden hacia la zona austral de Chile.<\/p>\n<p>La ciudad fue fundada el 27 de febrero de 1883, como una etapa m\u00e1s de la pacificaci\u00f3n de la Araucan\u00eda. La guarnici\u00f3n militar de Puc\u00f3n fue fundada con el fin de proteger la soberan\u00eda e integrar esta parte del territorio al quehacer nacional (BCN, 2014).<\/p>\n<p>Hacia 1926, la zona de <strong>Puc\u00f3n <\/strong>pertenec\u00eda a Valdivia. El 12 de agosto de 1932 se crea la Comuna de Puc\u00f3n, como subdelegaci\u00f3n de Villarrica, perteneciendo a la provincia de Caut\u00edn. Y el 1 de enero de 1936 se crea como Comuna independiente (BCN, 2014).<\/p>\n","protected":false},"excerpt":{"rendered":"<p>Historia de la Comuna. Puc\u00f3n\u2026en mapudungun: Entrada a la Cordillera\u2026 La ciudad de\u00a0Puc\u00f3n\u00a0est\u00e1 situada a los pies del volc\u00e1n Villarrica, en la pre-cordillera andina, y&#8230;<\/p>\n","protected":false},"author":1,"featured_media":0,"parent":0,"menu_order":0,"comment_status":"closed","ping_status":"closed","template":"","meta":[],"_links":{"self":[{"href":"http:\/\/www.dempucon.cl\/index.php?rest_route=\/wp\/v2\/pages\/137"}],"collection":[{"href":"http:\/\/www.dempucon.cl\/index.php?rest_route=\/wp\/v2\/pages"}],"about":[{"href":"http:\/\/www.dempucon.cl\/index.php?rest_route=\/wp\/v2\/types\/page"}],"author":[{"embeddable":true,"href":"http:\/\/www.dempucon.cl\/index.php?rest_route=\/wp\/v2\/users\/1"}],"replies":[{"embeddable":true,"href":"http:\/\/www.dempucon.cl\/index.php?rest_route=%2Fwp%2Fv2%2Fcomments&post=137"}],"version-history":[{"count":1,"href":"http:\/\/www.dempucon.cl\/index.php?rest_route=\/wp\/v2\/pages\/137\/revisions"}],"predecessor-version":[{"id":138,"href":"http:\/\/www.dempucon.cl\/index.php?rest_route=\/wp\/v2\/pages\/137\/revisions\/138"}],"wp:attachment":[{"href":"http:\/\/www.dempucon.cl\/index.php?rest_route=%2Fwp%2Fv2%2Fmedia&parent=137"}],"curies":[{"name":"wp","href":"https:\/\/api.w.org\/{rel}","templated":true}]}}